Let d = 3 - m. Suppose -17 = -3*h + d. What is the remainder when 19 is divided by h?
5
Calculate the remainder when 2 + 1 + 63 + 2 + -3 is divided by 33.
32
Let p = -13 - -17. Suppose 0 = j - p - 5. Calculate the remainder when 34 is divided by j.
7
Let j = 96 - 70. What is the remainder when j is divided by 4?
2
Suppose 0 = x + 3*x. Suppose -2*s = 2*w - 24, x = 2*w + w + s - 26. Let t = -18 - -38. What is the remainder when t is divided by w?
6
Let h = 116 - 82. Calculate the remainder when 66 is divided by h.
32
Let n(p) = 10*p - 3. What is the remainder when n(7) is divided by 23?
21
Let c(v) = -v - 3. Let r be c(-3). Suppose -4*h = -r*h - 68. Suppose 63 = 5*m - 4*g, m + 0*m - 3*g = h. What is the remainder when 32 is divided by m?
10
Let j = 6 - 4. Let k(y) = y**2 - 2*y + 2. What is the remainder when 3 is divided by k(j)?
1
Suppose 0*n - 14 = -3*n - 2*o, -4*o = -3*n + 8. Let w be -1 - -3 - (-13 + 1). Suppose -4*q + w = -2*q. What is the remainder when q is divided by n?
3
Let l(j) = j + 5*j + j**2 + 10 + 2*j. Let h be l(-7). What is the remainder when (-1 - 0)/(h/(-24)) is divided by 5?
3
Suppose 0 = w - 18 - 7. Suppose 2*j + 2*n = 0, 5*j - n - 6 = 12. Suppose 0 = -j*l + 32 - 5. What is the remainder when w is divided by l?
7
Let x be (11 - 1) + (-8)/(-4). Let l = 27 - x. Suppose -n = 4, l = 3*t - 5*n - 17. Calculate the remainder when 10 is divided by t.
2
Suppose 5*k - 3 - 27 = 0. What is the remainder when 16 is divided by k?
4
Let m(w) = -w**2 + 6*w + 6. Let p be m(6). Let j = p + 6. What is the remainder when 10/(-25) + 354/10 is divided by j?
11
Calculate the remainder when 49 is divided by 14 + 3/6*-2.
10
Let q(j) = j**2 - 4*j - 3. Suppose 0*g + 16 = -4*g, 2*f = -4*g - 2. Calculate the remainder when 86 is divided by q(f).
14
Let h = 4 - 1. Suppose 4*q + 0*o = h*o + 79, q - 2*o = 21. Calculate the remainder when 37 is divided by q.
18
Calculate the remainder when 46 is divided by (-97)/(-6) + 9/(-54).
14
Let y(o) = 2*o - 12. Let i be y(8). Suppose -m - i + 5 = 0. What is the remainder when (m/(-2))/(1/(-44)) is divided by 8?
6
Suppose -5 - 15 = 4*s. Let u = 24 - s. Calculate the remainder when u is divided by 10.
9
Let p be (-8)/6*(-12)/(-8). Let g = p + 4. Suppose 5*l + 80 = 5*d + g*l, 0 = -5*l. What is the remainder when 30 is divided by d?
14
Suppose 0 = -0*y + 3*y - 3. Let g(c) = 10*c - c**2 + y - 10*c**2 + 8*c**3 - 7*c**3. Calculate the remainder when 2 is divided by g(10).
0
Suppose -4*u + 4 = 2*a, 4*a - 2*a - 4 = -3*u. Suppose -r + 6 = -0*r + 4*m, -a*r + 3 = -m. Calculate the remainder when (-86)/(-18) - 2/(-9) is divided by r.
1
Let d = 157 + -130. What is the remainder when 104 is divided by d?
23
What is the remainder when (-4)/16 + 2931/12 is divided by 49?
48
Suppose -99 = -2*g + 137. Calculate the remainder when g is divided by 17.
16
Suppose t = -3*t - 44. Let c = -6 - t. Suppose -q = -5*q + 16. What is the remainder when c is divided by q?
1
Let k(v) = v**2 + 7*v + 7. What is the remainder when k(-8) is divided by 9?
6
Suppose x = -3 + 4. Suppose q + x = 3*h - 6, 4*q = -h - 2. What is the remainder when 61 is divided by 0/2 - -23 - h?
19
Let c = -36 - -67. Let j(p) = 6*p + 2 + 5 + p**2 - 3. Calculate the remainder when c is divided by j(-7).
9
Suppose 4*n - 6 = -26, -5*u + n = -145. Let r(l) = l**3 + 9*l**2 + 7*l + 2. What is the remainder when u is divided by r(-8)?
8
Let i(v) = 0 - 7*v - 1 - 19*v. Suppose 3*q + 194 = 233. What is the remainder when i(-2) is divided by q?
12
Suppose 3*r + 2*r - 10 = 0. Let s(d) = d**2 + 2*d**r + d + 20*d**3 - 2*d**2 - 3*d**2. Calculate the remainder when 56 is divided by s(1).
18
Suppose -3*r + 5*r - 30 = 0. What is the remainder when r is divided by 8?
7
Let w = 14 + -9. Calculate the remainder when w is divided by 4.
1
Suppose -125 = -5*w - 0. Calculate the remainder when w is divided by 11.
3
Let a(p) be the third derivative of -p**4/4 + 5*p**3/6 + 4*p**2. Calculate the remainder when a(-6) is divided by 22.
19
Let c = -14 - -40. Let n = c + 4. What is the remainder when n is divided by 8?
6
Let y(q) = -q**2 + 13*q - 7. Let b be y(12). Calculate the remainder when (b + -3 - 1) + 52 is divided by 14.
11
Suppose 0 = 8*h - 7*h - 7. Suppose 0*k - 39 = -2*k + 3*l, -3*k + 21 = 3*l. What is the remainder when k is divided by h?
5
Let w = -42 - -58. Calculate the remainder when 157 is divided by w.
13
Calculate the remainder when (-207)/18*(-1 + -1) is divided by 8.
7
What is the remainder when 12 is divided by (-21)/(-18) - 1 - 82/(-12)?
5
Suppose -84 = -3*h + h. Calculate the remainder when h is divided by 22.
20
Suppose z + 2 - 5 = 0. What is the remainder when 7 is divided by z?
1
Let i = 129 - 92. What is the remainder when i is divided by (-1 - 1)*(-12 + 7)?
7
Let n = 164 - 131. Calculate the remainder when n is divided by (1/(-2))/(2/(-72)).
15
What is the remainder when 6*(1 + 1/(-2)) is divided by 18/3 - (5 - 1)?
1
Let m = -5 + 5. Suppose m = o + 3*o - 36. What is the remainder when 26 is divided by o?
8
Suppose -11 = -5*y + 39. Suppose 7 + 50 = 3*i. What is the remainder when i is divided by y?
9
Let h(z) be the second derivative of 2*z**3/3 - 3*z**2 - z. Suppose 0 = 5*b + 13 - 98. What is the remainder when b is divided by h(4)?
7
Suppose -1 = r - 0, 5*g - 4*r = 344. Calculate the remainder when g is divided by 14.
12
Suppose -3*a - 2*a - 15 = 0. Let w(h) = h**2 - 3*h + 8. Calculate the remainder when a/(-18)*22*9 is divided by w(4).
9
What is the remainder when (2/(-3))/((-5 - -7)/(-120)) is divided by 7?
5
Suppose -19*g + 20 = -14*g. Let x = 16 - 10. What is the remainder when x is divided by g?
2
Let v = 109 - 75. Calculate the remainder when 13/(-3 + 2)*-5 is divided by v.
31
Let s be (9/(-18))/(2/(-64)). Calculate the remainder when 4/s - (-534)/8 is divided by 34.
33
Let y(x) = 12*x + 1. Suppose 0 = -4*g - 5*d + 14, 3*g + 5*d = -3 + 11. What is the remainder when y(2) is divided by 80/g - (-1)/(-3)?
12
Let q = 25 - 15. Let b = q - 5. What is the remainder when b is divided by (-2)/(1*(-5 + 4))?
1
Let l(o) = 3*o - 5. What is the remainder when 89 is divided by l(12)?
27
Let o(q) = -q**3 - 17*q**2 + 13*q - 80. Let m = -18 + 45. Calculate the remainder when m is divided by o(-18).
7
Let b(p) = p**3 + p - 2. Let d(r) = r**3 - 5*r**2 - 7*r + 8. Let n be d(6). Let u be b(n). Calculate the remainder when (-2)/u*2*-28 is divided by 5.
4
Suppose 3*p + 10 - 90 = d, 2*d = -4*p + 110. Let r = -18 - -33. Calculate the remainder when p is divided by r.
12
Let h = 20 - -47. Calculate the remainder when h is divided by 10.
7
Suppose -18 = -3*s - 3*n, 2*s + 16 = -0*s + 5*n. Suppose -4*z - 16 = -s*d, 2*z = -d - d + 28. Calculate the remainder when 35 is divided by d.
11
Let l = 11 - -4. Calculate the remainder when l is divided by 9.
6
Let k(m) = m + 11. Let h be (-8)/44 - 24/(-11). Suppose 0 = -i - h*i + 18. What is the remainder when i is divided by k(-7)?
2
Let h = 16 + 13. What is the remainder when h is divided by 18?
11
Suppose -5*a = -526 + 166. Calculate the remainder when a is divided by 19.
15
Suppose 37 = j + 1. What is the remainder when j is divided by 19?
17
Let t(p) be the third derivative of p**6/120 - p**5/30 - p**4/8 + 2*p**3/3 + p**2. Calculate the remainder when t(3) is divided by 2 + -2 + 1 - -2.
1
Let r = -34 + 44. Calculate the remainder when 15 is divided by r.
5
Suppose 74 = z + 21. Calculate the remainder when z is divided by 27.
26
Let h be ((-12)/(-10))/((-18)/(-45)). Suppose -5*i - 2*t = -19, -4*t + 3 = h*i - 7*t. Calculate the remainder when 7 is divided by i.
1
Let c = 21 + -2. Let l = 25 - c. Calculate the remainder when l is divided by 2.
0
Suppose -5*j + 4*t = -147, 0 = -j + 4*t + 33 - 10. Let w be (96/(-2))/(-2) - -1. Let l = 36 - w. Calculate the remainder when j is divided by l.
9
Suppose 7*t - 99 - 265 = 0. Suppose -5*b + 0*b + 1 = i, -t = -4*i + 4*b. What is the remainder when 30 is divided by i?
8
Let j = -9 - -14. Suppose 0*v - 15 = v - 4*x, 0 = -4*v - x + 8. Calculate the remainder when 0 + 26*v/2 is divided by j.
3
What is the remainder when 21 is divided by (-144)/(-8) + (-4)/1?
7
Suppose -2*m + 0*m + 34 = -5*g, 3*m = 3*g + 33. What is the remainder when 13 is divided by m?
6
Suppose a + 1 = -0. What is the remainder when 28 is divided by 